15 = 4*n. Suppose j - 4*g = 136, -5*j + 4 = -2*g - 658. Suppose -3*m = b*d - j, 0*m + 1 = m. What are the prime factors of d?
43
Let x(s) = 4*s**2. Let u be x(1). Suppose -u*j - 75 = -9*j. Suppose -4*k + k + j = 0. What are the prime factors of k?
5
Let y(a) = -a**3 + 7*a**2 + a - 2. Let c be y(7). Suppose c*j - 8 - 2 = 0. Suppose 2*q + 3*i = 70, -j*q - 2*i = -10 - 60. What are the prime factors of q?
5, 7
Let s(b) = -3*b**3 + 6*b**2 + 12*b + 8. What are the prime factors of s(-5)?
11, 43
Suppose 196 + 12 = 4*y. Suppose 10*v = 9*v + 4. Suppose 2*x + y = v*x. What are the prime factors of x?
2, 13
List the prime factors of 4/(-10) + (-22536)/(-90).
2, 5
Let l(i) = 247*i**2 - 31*i + 61. List the prime factors of l(2).
3, 7, 47
Let b be -1*(3 + -1 - 7). Suppose b*x + 20 = 0, 7*h - 196 = 4*h - 2*x. List the prime factors of h.
2, 17
Let v(x) = 66*x + 539. List the prime factors of v(9).
11, 103
Let s(w) = -8*w**3 + 5*w**2 + 3*w + 11. What are the prime factors of s(-6)?
1901
Suppose 18 = 5*s - 3*l, -2*l = -3*s + 6*s - 26. Let h(z) = z**3 - 2*z**2 - 5*z - 12. List the prime factors of h(s).
2, 3, 17
Suppose 5*b = 6*b - 1. Suppose -3 = y, -3*h + y = -b - 11. Suppose h*o - 80 = -4*g, -g + 13 + 7 = -4*o. List the prime factors of g.
2, 5
Suppose -5*k + w + 72 = 0, -2*k - w + 0*w + 33 = 0. List the prime factors of k.
3, 5
Let r = -22 - -13. Let v = r - -34. What are the prime factors of v?
5
Suppose -51*n + 59*n - 24 = 0. Let f = 23 + -13. Suppose r - t = 10, -f = -n*r - 3*t + 2*t. List the prime factors of r.
5
Suppose 0 = -b + 3*l - l - 149, -3*b - 419 = l. Let c = b - -214. What are the prime factors of c?
73
Let w(q) = 16*q + 2. Let s be w(1). Suppose -s = 17*l - 14*l. Let i = l + 24. List the prime factors of i.
2, 3
Let h = 24 - 21. Suppose h*l - 2*d = 11, 7 = l + 2*l - d. List the prime factors of (18/(-4)*-10)/l.
3, 5
Let m be (-12)/(-20)*5 + 8/2. Let b = m - -81. What are the prime factors of b?
2, 11
Let t be ((-12)/5)/3*2625/(-5). Suppose -t = -2*k - 2*k - 2*l, -5*l = -2*k + 222. List the prime factors of k.
2, 53
Let u = 18 + -15. Let s(c) = -u*c + 2*c + 4*c. List the prime factors of s(5).
3, 5
Let g(n) = n**3 + 13*n**2 + 3*n + 31. Let h be g(-13). Let q = 79 + h. List the prime factors of q.
71
Suppose 0 = -21*o - 14*o + 47915. What are the prime factors of o?
37
Suppose -5*h + 4582 = -4*l + 13418, -2*l = h - 4432. List the prime factors of l.
2, 3, 41
Suppose 4*q - 10 = -q. Let w be (18/(-10))/((-30)/100). List the prime factors of 22 - w/4*q.
19
Let q = -129 - -89. List the prime factors of 282/(-8)*q/15.
2, 47
What are the prime factors of (84845/284)/((-5)/(-8))?
2, 239
Suppose 0*g - 1445 = -5*g. List the prime factors of g.
17
Suppose -111*z = -98*z - 11479. What are the prime factors of z?
883
Let u = -1231 - -1763. What are the prime factors of u?
2, 7, 19
Let t = 3 - 1. Suppose 3*w - t = 19. Suppose 2*z - w - 10 = -p, -4*p = -2*z - 28. List the prime factors of p.
3
Let m be (2 - -12)*(4 - 5). Let p = 62 + m. List the prime factors of p.
2, 3
List the prime factors of 6 - (2 + -8*376).
2, 3, 251
Let i(d) = -d. Let t(o) = 12*o - 6. Let a(w) = 4*i(w) + t(w). Let h be a(-2). List the prime factors of 16/(-88) + (-488)/h.
2, 11
Suppose -3*k = -3*x - 6, -3*k + 0*x = 4*x - 27. Suppose 8*d - k*d = -15. What are the prime factors of 5/((25/(-6))/d)?
2, 3
Suppose 32020 + 3886 = 13*h. List the prime factors of h.
2, 1381
What are the prime factors of ((-76)/6)/((-54)/6237)?
7, 11, 19
Let d = 4711 + -2704. Suppose d = 18*r - 9*r. List the prime factors of r.
223
Suppose -3*l - 6 = -24. Suppose -2*g - a = 9, 5*g = -a - 12 - 9. What are the prime factors of l/4 + (-118)/g?
31
Suppose v = 3*v - 8. Suppose -2*b = v*f - 72, -38 = 5*f - 13. List the prime factors of b.
2, 23
Let u(h) = 5*h**3 - 11*h**2 + 3*h - 6. Let l(a) = -9*a - a**3 + 9*a. Let x(q) = 4*l(q) + u(q). What are the prime factors of x(11)?
3
What are the prime factors of (-59200)/(-40) - (5 + 0)?
5, 59
Let y be (-4 + 3)/(1 - 2) - 1. Suppose y = -7*g + 542 + 739. What are the prime factors of g?
3, 61
Suppose 2*g = -0 + 10. Suppose 0 = -5*u + 4*q - 47, -2*u - 4*q + g*q - 20 = 0. Let a(j) = -j**2 - 14*j + 2. List the prime factors of a(u).
5, 7
What are the prime factors of ((-7460)/(-5))/2 + 0 + 7?
3, 251
Let t = 382 - 251. Let m = t + -25. What are the prime factors of m?
2, 53
Let l = -641 + 706. What are the prime factors of l?
5, 13
Suppose 4*w - 168 = 148. Suppose -2*l + 170 = -0*i + 5*i, i = -l + w. List the prime factors of l.
3, 5
Let s(c) = 14*c + 29. Let t be s(9). Let p = t - 45. List the prime factors of p.
2, 5, 11
Suppose 18*g - 4271 = 2767. What are the prime factors of g?
17, 23
Let t = -6 - -7. What are the prime factors of (4 - 7) + t - -8?
2, 3
Suppose 12*g - 8715 - 8841 = 0. What are the prime factors of g?
7, 11, 19
List the prime factors of (8/5)/(71/70 + -1).
2, 7
Let f(h) = 4*h - 10 - 4*h - 3*h**3 - h**2 + 2*h**3 + h. Let w be f(0). Let r = 35 - w. What are the prime factors of r?
3, 5
Suppose 4*q = -10 - 10, -5*a = -2*q - 40. What are the prime factors of (0 - (-16)/a)*27?
2, 3
Let h(x) = -2*x + 2 - 3 - x**2 - 2 + 5*x. Let z be h(6). Let t = 31 + z. What are the prime factors of t?
2, 5
Let v be 9/((-45)/(-14)) - (-1)/5. List the prime factors of -3 + (4 + -1 - v) - -155.
2, 19
What are the prime factors of (-4)/(-5) - (10 - (-79938)/(-15))?
2, 5, 7, 19
Let b = 11 - 7. Suppose -5*y + 3*u = -40, 3*u = b*u - 5. What are the prime factors of y?
11
Let c(z) = -10*z**3 - z**2 + z - 1. Let g be c(1). Let a be g - (2 + 0/4). List the prime factors of (-4)/(-26) + (-24)/a.
2
Let c = 4 + -4. Suppose c*f = 5*z - f - 90, z = 2*f + 9. What are the prime factors of z + (-2 - -1 - 1)?
17
Let a = 480 - 106. List the prime factors of a.
2, 11, 17
Suppose 7 = 5*v + 6*z - 2*z, -4*z - 2 = 2*v. Let c be 4/10*(7 + v). Suppose -2*n + 26 + 11 = -3*o, 3*o = -c*n + 119. List the prime factors of n.
2, 13
Let r(y) = 17*y**2 - 10*y - 12. List the prime factors of r(5).
3, 11
Suppose 0 = -3*r + 16 + 8. Let g(i) = 2*i**3 + r*i - i**3 - 4*i**2 + 6 - 2*i**2 - 2*i. List the prime factors of g(5).
11
Suppose 5*v = 4*t + 4712, 2*t + 943 = v + t. Suppose 4*g - 1261 = -s, 0*s = 3*g - 5*s - v. What are the prime factors of g?
3, 5, 7
Let a = 1066 + -709. List the prime factors of a.
3, 7, 17
Let u(j) = j**3 + 61*j**2 + 199*j + 100. List the prime factors of u(-56).
2, 19, 61
Suppose 0 = 3*t + 898 - 5608. Suppose -3*b - 7*b + t = 0. What are the prime factors of b?
157
Suppose 0 = 2*s - 7*s - 215. Let j = -22 - s. What are the prime factors of j?
3, 7
Suppose 2*i = i + 15. List the prime factors of (-236)/(-6) + 10/i.
2, 5
Let b(y) = -y**3 + y**2 + 27. Suppose -4*j - j = 0. List the prime factors of b(j).
3
Let p = 1680 - 1166. List the prime factors of p.
2, 257
Let v(y) = -y**2 - 3*y - 1. Let z be v(-2). Suppose 2*g + 25 = n - 32, g + z = -5*n. Let c = -7 - g. What are the prime factors of c?
19
Suppose -3*n + 1036 = -5*p, n - 5*p = 2*n - 312. What are the prime factors of n?
337
What are the prime factors of -4 + (6870/3)/5?
2, 227
List the prime factors of -1858*(-7)/21 + 6/(-18).
619
Suppose -5*x + 4 + 21 = 0. Suppose 0 = 5*t - 3*m - 220, 4*t - 4 = -x*m + 135. List the prime factors of t.
41
Suppose -16*g = 10618 - 60250. List the prime factors of g.
2, 3, 11, 47
List the prime factors of -4 + (552 - -1*0/(-2)).
2, 137
Let s = -321 - -459. Let k = -80 + s. List the prime factors of k.
2, 29
Let t = 324 - 147. Let n = 301 - t. List the prime factors of n.
2, 31
Suppose b - j + 5 - 199 = 0, -986 = -5*b - 3*j. Let z = -345 - -485. Suppose 0 = 7*u - z - b. What are the prime factors of u?
2, 3
List the prime factors of (160/48)/((-2)/(-507)).
5, 13
Let b(j) = 4*j - 29*j**3 + 1 + 5*j**3 - j - j**2 - 2*j**3. What are the prime factors of b(-2)?
199
Let n(t) = -t + 1. Let y(j) = -3 + j + 1 - 6 + 1. Let z(a) = -2*n(a) - y(a). What are the prime factors of z(3)?
2
Let g(z) = 592*z + 7. What are the prime factors of g(1)?
599
Let h = 1801 + -1238. List the prime factors of h.
563
Suppose -13 = -4*o - t, -5*o + 4*o - 3*t = -6. Suppose -o*c = -4*c. Suppose 0 = -x + 2*w + 12, -2*x - 4*w - 4 - 4 = c. List the prime factors of x.
2
Let p be (-1 + 0)*(-336 - 6). Suppose 3*r - 261 = -3*k, -4*k - r = -3